9 is divided by 208?
173
What is the remainder when 118627755 is divided by 20750?
5
What is the remainder when 61731816 is divided by 5144317?
12
What is the remainder when 215204 is divided by 130?
54
What is the remainder when 10604256 is divided by 2651062?
8
What is the remainder when 664699 is divided by 8680?
5019
Calculate the remainder when 3578631319 is divided by 29.
28
Calculate the remainder when 82617 is divided by 8722.
4119
Calculate the remainder when 185150 is divided by 46283.
18
What is the remainder when 83054 is divided by 664?
54
Calculate the remainder when 57718 is divided by 150.
118
What is the remainder when 32095232 is divided by 147?
134
Calculate the remainder when 12345073 is divided by 1234505.
23
Calculate the remainder when 785189 is divided by 2541.
20
Calculate the remainder when 3560190 is divided by 9862.
8
Calculate the remainder when 239013 is divided by 268.
225
What is the remainder when 100902 is divided by 1622?
338
What is the remainder when 1118370 is divided by 2875?
2870
What is the remainder when 3307314 is divided by 83?
13
What is the remainder when 70311540 is divided by 384?
372
Calculate the remainder when 1247672 is divided by 748.
8
Calculate the remainder when 22024 is divided by 2429.
163
Calculate the remainder when 65164670 is divided by 20.
10
Calculate the remainder when 4102068 is divided by 1142.
4
Calculate the remainder when 47757 is divided by 3379.
451
Calculate the remainder when 1713285 is divided by 2331.
0
Calculate the remainder when 8258 is divided by 4091.
76
Calculate the remainder when 9173446 is divided by 65.
61
Calculate the remainder when 452724 is divided by 3353.
69
Calculate the remainder when 182758 is divided by 313.
279
Calculate the remainder when 32751 is divided by 1285.
626
What is the remainder when 10510894 is divided by 826?
44
Calculate the remainder when 33093 is divided by 1098.
153
What is the remainder when 236456 is divided by 8087?
1933
Calculate the remainder when 53072624 is divided by 384584.
32
What is the remainder when 3176586 is divided by 2901?
2892
Calculate the remainder when 2969371 is divided by 185585.
11
What is the remainder when 795948 is divided by 259?
41
What is the remainder when 62893 is divided by 509?
286
Calculate the remainder when 39145708 is divided by 13048563.
19
Calculate the remainder when 10052680 is divided by 24.
16
What is the remainder when 13799 is divided by 3030?
1679
Calculate the remainder when 145052 is divided by 3720.
3692
What is the remainder when 419852 is divided by 58?
48
Calculate the remainder when 4796732 is divided by 16.
12
What is the remainder when 18637 is divided by 18305?
332
What is the remainder when 24262134 is divided by 32?
22
Calculate the remainder when 73088277 is divided by 15.
12
What is the remainder when 159833 is divided by 49994?
9851
What is the remainder when 932979 is divided by 394?
381
Calculate the remainder when 54627 is divided by 16765.
4332
Calculate the remainder when 31411967 is divided by 381.
41
What is the remainder when 1520763 is divided by 718?
39
What is the remainder when 12721 is divided by 510?
481
Calculate the remainder when 2041165 is divided by 220.
5
Calculate the remainder when 90282 is divided by 473.
412
What is the remainder when 67795504 is divided by 1758?
1750
What is the remainder when 594129 is divided by 182?
81
Calculate the remainder when 50809587 is divided by 31.
29
What is the remainder when 870284 is divided by 155?
114
Calculate the remainder when 17837603 is divided by 4871.
1
What is the remainder when 61988 is divided by 59982?
2006
Calculate the remainder when 133680 is divided by 43943.
1851
What is the remainder when 55979261 is divided by 264053?
25
What is the remainder when 44358 is divided by 438?
120
Calculate the remainder when 26629897 is divided by 946.
943
Calculate the remainder when 4823689 is divided by 41.
39
What is the remainder when 94405597 is divided by 18881118?
7
What is the remainder when 2111033519 is divided by 1480?
1479
Calculate the remainder when 3232154 is divided by 3138.
14
Calculate the remainder when 787357 is divided by 17496.
37
Calculate the remainder when 291013 is divided by 251.
104
What is the remainder when 3785971 is divided by 180284?
7
What is the remainder when 31226156 is divided by 1197?
17
What is the remainder when 13885742 is divided by 6942859?
24
Calculate the remainder when 4087514 is divided by 719.
718
Calculate the remainder when 3773489 is divided by 157.
151
Calculate the remainder when 609073 is divided by 32053.
66
Calculate the remainder when 28931039 is divided by 480.
479
Calculate the remainder when 4931119 is divided by 131.
17
What is the remainder when 22068101 is divided by 1011?
1004
What is the remainder when 286447 is divided by 597?
484
Calculate the remainder when 91262 is divided by 1284.
98
Calculate the remainder when 6597142 is divided by 149935.
2
What is the remainder when 42696 is divided by 1177?
324
What is the remainder when 943135 is divided by 12?
7
What is the remainder when 4118565 is divided by 803?
781
Calculate the remainder when 63472 is divided by 12279.
2077
What is the remainder when 15692840 is divided by 8131?
10
What is the remainder when 32003 is divided by 1827?
944
Calculate the remainder when 14124 is divided by 401.
89
Calculate the remainder when 1207193 is divided by 48286.
43
Calculate the remainder when 9318881 is divided by 495.
11
What is the remainder when 2142583 is divided by 1071276?
31
Calculate the remainder when 4306224 is divided by 1412.
1036
Calculate the remainder when 446256 is divided by 1158.
426
Calculate the remainder when 41995 is divided by 41022.
973
What is the remainder when 2744645 is divided by 22683?
2
Calculate the remainder when 2228326 is divided by 65539.
0
Calculate the remainder when 8230343 is divided by 102879.
23
What is the remainder when 1959898 is divided by 16?
10
Calculate the remainder when 13427331 is divided by 18.
15
What is the remainder when 7738398 is divided by 1289731?
12
Calculate the remainder when 1578846 is divided by 1101.
12
What is the remainder when 31921 is divided by 1350?
871
What is the remainder when 25477715 is divided by 281?
7
What is the remainder when 8494 is divided by 1472?
1134
What is the remainder when 807356 is divided by 26?
4
What is the remainder when 61235 is divided by 8725?
160
What is the remainder when 1667427 is divided by 80?
67
Calculate the remainder when 105753 is divided by 44.
21
What is the remainder when 1194428 is divided by 149284?
156
Calculate the remainder when 1097736 is divided by 1435.
1396
What is the remainder when 729088 is divided by 10381?
2418
What is the remainder when 160196 is divided by 12391?
11504
Calculate the remainder when 186550 is divided by 2014.
1262
Calculate the remainder when 4973748 is divided by 106.
16
What is the remainder when 264580222 is divided by 247?
244
Calculate the remainder when 1434047 is divided by 616.
615
What is the remainder when 1220128 is divided by 23924?
4
Calculate the remainder when 224033 is divided by 32004.
5
What is the remainder when 11049573 is divided by 177?
171
Calculate the remainder when 38828 is divided by 19142.
544
Calculate the remainder when 22442869 is divided by 201.
13
What is the remainder when 38202 is divided by 3458?
164
Calculate the remainder when 128741383 is divided by 60.
43
What is the remainder when 3290332 is divided by 396?
364
Calculate the remainder when 2075438 is divided by 98.
92
Calculate the remainder when 130239754 is divided by 5913.
16
Calculate the remainder when 6689645 is divided by 3415.
3075
Calculate the remainder when 1920207 is divided by 80.
47
What is the remainder when 11406607 is divided by 86?
83
Calculate the remainder when 849107 is divided by 779.
776
Calculate the remainder when 3491106 is divided by 1745538.
30
What is the remainder when 93218 is divided by 1865?
1833
What is the remainder when 2318547 is divided by 1159132?
283
What is the remainder when 432389 is divided by 39306?
23
What is the remainder when 1438233 is divided by 1083?
9
What is the remainder when 772647990 is divided by 53?
51
What is the re